

{"id":118,"date":"2019-07-12T11:22:50","date_gmt":"2019-07-12T09:22:50","guid":{"rendered":"http:\/\/ffc-veterans.bplaced.net\/web\/?page_id=118"},"modified":"2024-02-27T12:45:59","modified_gmt":"2024-02-27T11:45:59","slug":"vorstsand","status":"publish","type":"page","link":"https:\/\/www.ffcveterans.at\/web\/?page_id=118","title":{"rendered":"Vorstand"},"content":{"rendered":"<p><img loading=\"lazy\" decoding=\"async\" class=\"alignleft wp-image-1703 size-large\" src=\"https:\/\/www.ffcveterans.at\/web\/wp-content\/uploads\/2024\/02\/IMG_0117-768x1024.jpeg\" alt=\"\" width=\"768\" height=\"1024\" srcset=\"https:\/\/www.ffcveterans.at\/web\/wp-content\/uploads\/2024\/02\/IMG_0117-768x1024.jpeg 768w, https:\/\/www.ffcveterans.at\/web\/wp-content\/uploads\/2024\/02\/IMG_0117-225x300.jpeg 225w, https:\/\/www.ffcveterans.at\/web\/wp-content\/uploads\/2024\/02\/IMG_0117-1152x1536.jpeg 1152w, https:\/\/www.ffcveterans.at\/web\/wp-content\/uploads\/2024\/02\/IMG_0117-1536x2048.jpeg 1536w, https:\/\/www.ffcveterans.at\/web\/wp-content\/uploads\/2024\/02\/IMG_0117-scaled.jpeg 1920w\" sizes=\"auto, (max-width: 768px) 100vw, 768px\" \/><\/p>\n<p><span style=\"font-family: arial, helvetica, sans-serif;\">von links nach rechts:<\/span><\/p>\n<p><span style=\"font-family: arial, helvetica, sans-serif; font-size: 14pt;\"><strong>Obmann<br \/>\n<\/strong>Tobias Haider-Madl<\/span><\/p>\n<p><span style=\"font-family: arial, helvetica, sans-serif; font-size: 14pt;\"><strong>Schriftf\u00fchrer Stv.&nbsp;<\/strong><\/span><br \/>\n<span style=\"font-family: arial, helvetica, sans-serif; font-size: 14pt;\">Hannes M\u00fchlberghuber<\/span><\/p>\n<p><span style=\"font-family: arial, helvetica, sans-serif; font-size: 14pt;\"><strong>Kassier<\/strong><\/span><br \/>\n<span style=\"font-family: arial, helvetica, sans-serif; font-size: 14pt;\">Gregor Br\u00e4uer<\/span><\/p>\n<p><span style=\"font-family: arial, helvetica, sans-serif; font-size: 14pt;\"><strong>Schriftf\u00fchrer&nbsp;<\/strong><\/span><br \/>\n<span style=\"font-family: arial, helvetica, sans-serif; font-size: 14pt;\">Michael Br\u00e4uer<\/span><\/p>\n<p><span style=\"font-family: arial, helvetica, sans-serif; font-size: 14pt;\"><strong>Beirat<\/strong><\/span><br \/>\n<span style=\"font-family: arial, helvetica, sans-serif; font-size: 14pt;\">Adrian Br\u00e4uer<\/span><\/p>\n<p><span style=\"font-family: arial, helvetica, sans-serif; font-size: 14pt;\"><strong>Obmann Stv.<\/strong><\/span><br \/>\n<span style=\"font-family: arial, helvetica, sans-serif; font-size: 14pt;\">Kevin Weichinger<\/span><\/p>\n<p><span style=\"font-family: arial, helvetica, sans-serif; font-size: 14pt;\"><strong>Kassier Stv.<br \/>\n<\/strong>Dominique Oblinger<\/span><\/p>\n<p>&nbsp;<\/p>\n<p><span style=\"font-family: arial, helvetica, sans-serif; font-size: 14pt;\"><strong>Kontakt<\/strong><span id=\"cloak25e9142a33a7291498f32d61b7f0b050\"><br \/>\n<\/span>kontakt@ffcveterans.at<\/span><br \/>\n<span style=\"font-family: arial, helvetica, sans-serif; font-size: 14pt;\">4300 St. Valentin<\/span><\/p>\n","protected":false},"excerpt":{"rendered":"<p>von links nach rechts: Obmann Tobias Haider-Madl Schriftf\u00fchrer Stv.&nbsp; Hannes M\u00fchlberghuber Kassier Gregor Br\u00e4uer Schriftf\u00fchrer&nbsp; Michael Br\u00e4uer Beirat Adrian Br\u00e4uer Obmann Stv. Kevin Weichinger Kassier Stv. Dominique Oblinger &nbsp; Kontakt kontakt@ffcveterans.at 4300 St. Valentin<\/p>\n","protected":false},"author":1,"featured_media":0,"parent":400,"menu_order":0,"comment_status":"closed","ping_status":"closed","template":"","meta":{"ngg_post_thumbnail":0,"footnotes":""},"class_list":["post-118","page","type-page","status-publish","hentry"],"_links":{"self":[{"href":"https:\/\/www.ffcveterans.at\/web\/index.php?rest_route=\/wp\/v2\/pages\/118","targetHints":{"allow":["GET"]}}],"collection":[{"href":"https:\/\/www.ffcveterans.at\/web\/index.php?rest_route=\/wp\/v2\/pages"}],"about":[{"href":"https:\/\/www.ffcveterans.at\/web\/index.php?rest_route=\/wp\/v2\/types\/page"}],"author":[{"embeddable":true,"href":"https:\/\/www.ffcveterans.at\/web\/index.php?rest_route=\/wp\/v2\/users\/1"}],"replies":[{"embeddable":true,"href":"https:\/\/www.ffcveterans.at\/web\/index.php?rest_route=%2Fwp%2Fv2%2Fcomments&post=118"}],"version-history":[{"count":12,"href":"https:\/\/www.ffcveterans.at\/web\/index.php?rest_route=\/wp\/v2\/pages\/118\/revisions"}],"predecessor-version":[{"id":1175,"href":"https:\/\/www.ffcveterans.at\/web\/index.php?rest_route=\/wp\/v2\/pages\/118\/revisions\/1175"}],"up":[{"embeddable":true,"href":"https:\/\/www.ffcveterans.at\/web\/index.php?rest_route=\/wp\/v2\/pages\/400"}],"wp:attachment":[{"href":"https:\/\/www.ffcveterans.at\/web\/index.php?rest_route=%2Fwp%2Fv2%2Fmedia&parent=118"}],"curies":[{"name":"wp","href":"https:\/\/api.w.org\/{rel}","templated":true}]}}